{"id":2,"date":"2023-02-02T01:34:11","date_gmt":"2023-02-02T01:34:11","guid":{"rendered":"https:\/\/www.eliejolliet.ch\/web\/?page_id=2"},"modified":"2026-03-21T12:58:35","modified_gmt":"2026-03-21T12:58:35","slug":"kontakt","status":"publish","type":"page","link":"https:\/\/www.eliejolliet.ch\/web\/kontakt\/","title":{"rendered":"Kontakt"},"content":{"rendered":"\n<p>Elie Jolliet, M.A.<br>S\u00e4gestra\u00dfe 76<br>CH-3098 K\u00f6niz<\/p>\n\n\n\n<p><a href=\"mailto:contact@eliejolliet.ch\">contact@eliejolliet.ch<\/a><br><a href=\"tel:+41765031105\">+41 76 503 11 05<\/a><\/p>\n\n\n\n<hr class=\"wp-block-separator has-alpha-channel-opacity\"\/>\n\n\n\n<h1 class=\"wp-block-heading\">Links<\/h1>\n\n\n\n<h5 class=\"wp-block-heading\">Pers\u00f6nliches<\/h5>\n\n\n\n<ul class=\"wp-block-list\">\n<li><a href=\"https:\/\/imslp.org\/wiki\/Category:Jolliet,_Elie\" target=\"_blank\" rel=\"noreferrer noopener\">IMSLP \u2013 Noten<\/a><\/li>\n\n\n\n<li><a rel=\"noreferrer noopener\" href=\"https:\/\/orcid.org\/0000-0002-3215-7702\" target=\"_blank\">ORCID \u2013 Forschungsprofil<\/a><\/li>\n\n\n\n<li><a href=\"https:\/\/zenodo.org\/search?q=metadata.creators.person_or_org.name%3A&quot;Jolliet%2C Elie&quot;\">Zenodo \u2013 Publikationen<\/a><\/li>\n<\/ul>\n\n\n\n<h5 class=\"wp-block-heading\">Berufliches<\/h5>\n\n\n\n<ul class=\"wp-block-list\">\n<li><a href=\"https:\/\/anneepolitique.swiss\/\">Ann\u00e9e Politique Suisse<\/a><\/li>\n\n\n\n<li><a href=\"https:\/\/www.st-peter-zh.ch\/\" target=\"_blank\" rel=\"noreferrer noopener\">Stadtkirche St. Peter, Z\u00fcrich<\/a><\/li>\n\n\n\n<li><a href=\"https:\/\/www.thomaschor.ch\/\" target=\"_blank\" rel=\"noreferrer noopener\">ThomasChor K\u00f6niz<\/a><\/li>\n<\/ul>\n\n\n\n<h5 class=\"wp-block-heading\">Mandate<\/h5>\n\n\n\n<ul class=\"wp-block-list\">\n<li><a href=\"http:\/\/oe-lieder.eu\/\" target=\"_blank\" rel=\"noreferrer noopener\">Arbeitsgemeinschaft f\u00fcr \u00f6kumenisches Liedgut (A\u00d6L)<\/a><\/li>\n\n\n\n<li><a href=\"https:\/\/enchante-ref.ch\/\" target=\"_blank\" rel=\"noreferrer noopener\">enchant\u00e9 \u2013 gemeinsam singen in der Kirche<\/a> (Gesangprozess der <a href=\"https:\/\/www.gottesdienst-ref.ch\/\" target=\"_blank\" rel=\"noreferrer noopener\">Liturgie- und Gesangbuchkonferenz der evangelisch-reformierten Kirchen der deutschsprachigen Schweiz, LGBK<\/a>)<\/li>\n\n\n\n<li><a href=\"https:\/\/www.evref.ch\/organisation\/kommissionen\/liturgiekommission\/\" target=\"_blank\" rel=\"noreferrer noopener\">Evangelisch-reformierte Kirche Schweiz (EKS) \u2013 Liturgiekommission<\/a><\/li>\n\n\n\n<li><a href=\"https:\/\/www.hkb.bfh.ch\/de\/ueber-die-hkb\/standorte-infrastruktur\/bibliotheken\/bibliothek-hkb-musik\/#kirchen-musik-bibliothek-kmb-\" target=\"_blank\" rel=\"noreferrer noopener\">Hochschule der K\u00fcnste Bern (HKB) \u2013 Kirchenmusikbibliothek<\/a><\/li>\n\n\n\n<li><a href=\"https:\/\/www.kirchenmusik-koenizmitte.ch\/\">Kirchenmusik K\u00f6niz-Mitte<\/a><\/li>\n\n\n\n<li><a href=\"http:\/\/www.mefb.org\" target=\"_blank\" rel=\"noreferrer noopener\">Musique \u00e0 l&#8217;\u00e9glise fran\u00e7aise de Berne<\/a><\/li>\n\n\n\n<li><a href=\"https:\/\/solangedieerdesteht.ch\/\" target=\"_blank\" rel=\"noreferrer noopener\">Solange die Erde steht<\/a><\/li>\n<\/ul>\n\n\n\n<h5 class=\"wp-block-heading\">Ehrenamtliches<\/h5>\n\n\n\n<ul class=\"wp-block-list\">\n<li><a href=\"https:\/\/www.schola-editions.com\/accueil\/\" target=\"_blank\" rel=\"noreferrer noopener\">\u00c9ditions Cantate Domino<\/a><\/li>\n\n\n\n<li><a href=\"https:\/\/www.egli-salm-stiftung.ch\/stiftung\/\" target=\"_blank\" rel=\"noreferrer noopener\">Egli-Salm-Stiftung<\/a><\/li>\n\n\n\n<li><a href=\"https:\/\/iah-hymnologie.de\/de\/startseite\/\" target=\"_blank\" rel=\"noreferrer noopener\">Internationale Arbeitsgemeinschaft f\u00fcr Hymnologie (IAH) e.V.<\/a><\/li>\n\n\n\n<li><a href=\"https:\/\/www.kg-koeniz.ch\/de\/politik\/behoerden\/detail\/detail.php?i=11&amp;navid=980074980074\" target=\"_blank\" rel=\"noreferrer noopener\">Ev.-ref. Kirchgemeinde K\u00f6niz \u2013 Kirchenkreiskommission Mitte<\/a><\/li>\n\n\n\n<li><a href=\"https:\/\/regerbern23.ch\/\" target=\"_blank\" rel=\"noreferrer noopener\">Reger Bern 23<\/a><\/li>\n<\/ul>\n","protected":false},"excerpt":{"rendered":"<p>Elie Jolliet, M.A.S\u00e4gestra\u00dfe 76CH-3098 K\u00f6niz contact@eliejolliet.ch+41 76 503 11 05 Links Pers\u00f6nliches Berufliches Mandate Ehrenamtliches<\/p>\n","protected":false},"author":1,"featured_media":699,"parent":0,"menu_order":0,"comment_status":"closed","ping_status":"open","template":"","meta":{"footnotes":""},"class_list":["post-2","page","type-page","status-publish","has-post-thumbnail","hentry"],"jetpack_sharing_enabled":true,"_links":{"self":[{"href":"https:\/\/www.eliejolliet.ch\/web\/wp-json\/wp\/v2\/pages\/2","targetHints":{"allow":["GET"]}}],"collection":[{"href":"https:\/\/www.eliejolliet.ch\/web\/wp-json\/wp\/v2\/pages"}],"about":[{"href":"https:\/\/www.eliejolliet.ch\/web\/wp-json\/wp\/v2\/types\/page"}],"author":[{"embeddable":true,"href":"https:\/\/www.eliejolliet.ch\/web\/wp-json\/wp\/v2\/users\/1"}],"replies":[{"embeddable":true,"href":"https:\/\/www.eliejolliet.ch\/web\/wp-json\/wp\/v2\/comments?post=2"}],"version-history":[{"count":41,"href":"https:\/\/www.eliejolliet.ch\/web\/wp-json\/wp\/v2\/pages\/2\/revisions"}],"predecessor-version":[{"id":1337,"href":"https:\/\/www.eliejolliet.ch\/web\/wp-json\/wp\/v2\/pages\/2\/revisions\/1337"}],"wp:featuredmedia":[{"embeddable":true,"href":"https:\/\/www.eliejolliet.ch\/web\/wp-json\/wp\/v2\/media\/699"}],"wp:attachment":[{"href":"https:\/\/www.eliejolliet.ch\/web\/wp-json\/wp\/v2\/media?parent=2"}],"curies":[{"name":"wp","href":"https:\/\/api.w.org\/{rel}","templated":true}]}}